{"id":775,"date":"2010-11-26T23:51:14","date_gmt":"2010-11-26T22:51:14","guid":{"rendered":"http:\/\/sonny.ulicnici.cz\/?page_id=775"},"modified":"2012-04-30T01:27:50","modified_gmt":"2012-04-29T23:27:50","slug":"coursing-2011","status":"publish","type":"page","link":"http:\/\/sonny.ulicnici.cz\/?page_id=775","title":{"rendered":"Coursing 2011"},"content":{"rendered":"<h2>\u010cl\u00e1nky<\/h2>\n<h3><a href=\"http:\/\/sonny.ulicnici.cz\/?p=945\" target=\"_blank\">NordCup 2011<\/a><\/h3>\n<h3><a href=\"http:\/\/sonny.ulicnici.cz\/?p=974\" target=\"_blank\">Snow coursing<\/a><\/h3>\n<h3><a href=\"http:\/\/sonny.ulicnici.cz\/?p=1005\">Jarn\u00ed Kralupy 2011<\/a><\/h3>\n<h3><a href=\"http:\/\/sonny.ulicnici.cz\/?p=1057\">Han\u00e1ck\u00fd poh\u00e1r Radslavice<\/a><\/h3>\n<h3><a href=\"http:\/\/sonny.ulicnici.cz\/?p=1262\">Chlumeck\u00fd Rabbit<\/a><\/h3>\n<h3><a href=\"http:\/\/sonny.ulicnici.cz\/?p=1288\">Dob\u0159ansk\u00fd zaj\u00ed\u010dek<\/a><\/h3>\n<h3><a href=\"http:\/\/sonny.ulicnici.cz\/?p=1317\">Chlumeck\u00fd Rabbit<\/a><\/h3>\n<h3><a href=\"http:\/\/sonny.ulicnici.cz\/?p=1345\">M\u010cR Kralupy nad Vltavou<\/a><\/h3>\n<p style=\"text-align: center;\"><h2 class=\"wp-table-reloaded-table-name-id-10 wp-table-reloaded-table-name\">Coursing 2011<\/h2>\n\n<table id=\"wp-table-reloaded-id-10-no-1\" class=\"wp-table-reloaded wp-table-reloaded-id-10\">\n<thead>\n\t<tr class=\"row-1 odd\">\n\t\t<th class=\"column-1\">Date<\/th><th class=\"column-2\">Place<\/th><th class=\"column-3\">Length of the track<\/th><th class=\"column-4\">Points<\/th><th class=\"column-5\">Score<\/th>\n\t<\/tr>\n<\/thead>\n<tbody>\n\t<tr class=\"row-2 even\">\n\t\t<td class=\"column-1\">30.01.2011<\/td><td class=\"column-2\">NordCup Sn\u011b\u017en\u00edk<\/td><td class=\"column-3\">600m<\/td><td class=\"column-4\">344 b.<\/td><td class=\"column-5\">3rd<\/td>\n\t<\/tr>\n\t<tr class=\"row-3 odd\">\n\t\t<td class=\"column-1\"><font color=\"red\">13.02.2011<\/font><\/td><td class=\"column-2\"><font color=\"red\">Snow coursing<\/font><\/td><td class=\"column-3\"><font color=\"red\">650m<\/font><\/td><td class=\"column-4\"><font color=\"red\">175 b.<\/font><\/td><td class=\"column-5\"><font color=\"red\">2nd <\/font><\/td>\n\t<\/tr>\n\t<tr class=\"row-4 even\">\n\t\t<td class=\"column-1\"><font color=\"red\">27.03.2011<\/font><\/td><td class=\"column-2\"><font color=\"red\">Jarn\u00ed Kralupy<\/font><\/td><td class=\"column-3\"><font color=\"red\">700m<\/font><\/td><td class=\"column-4\"><font color=\"red\">342 b.<\/font><\/td><td class=\"column-5\"><font color=\"red\">5th <\/font><\/td>\n\t<\/tr>\n\t<tr class=\"row-5 odd\">\n\t\t<td class=\"column-1\"><font color=\"red\">24.04.2011<\/font><\/td><td class=\"column-2\"><font color=\"red\">Han\u00e1ck\u00fd poh\u00e1r Radslavice<\/font><\/td><td class=\"column-3\"><font color=\"red\">800m<\/font><\/td><td class=\"column-4\"><font color=\"red\">326b.<\/font><\/td><td class=\"column-5\"><font color=\"red\">1st <\/font><\/td>\n\t<\/tr>\n\t<tr class=\"row-6 even\">\n\t\t<td class=\"column-1\"><font color=\"red\">03.07.2011<\/font><\/td><td class=\"column-2\"><font color=\"red\">Chlumeck\u00fd Rabbit<\/font><\/td><td class=\"column-3\"><font color=\"red\">500m<\/font><\/td><td class=\"column-4\"><font color=\"red\">161b.<\/font><\/td><td class=\"column-5\"><font color=\"red\">3rd <\/font><\/td>\n\t<\/tr>\n\t<tr class=\"row-7 odd\">\n\t\t<td class=\"column-1\"><font color=\"red\">24.07.2011<\/font><\/td><td class=\"column-2\"><font color=\"red\">Dob\u0159ansk\u00fd zaj\u00ed\u010dek<\/font><\/td><td class=\"column-3\"><font color=\"red\">didn't run<\/font><\/td><td class=\"column-4\"><font color=\"red\">---<\/font><\/td><td class=\"column-5\"><font color=\"red\">---<\/font><\/td>\n\t<\/tr>\n\t<tr class=\"row-8 even\">\n\t\t<td class=\"column-1\"><font color=\"red\">07.08.2011<\/font><\/td><td class=\"column-2\"><font color=\"red\">Chlumeck\u00fd Rabbit<\/font><\/td><td class=\"column-3\"><font color=\"red\">600m<\/font><\/td><td class=\"column-4\"><font color=\"red\">338b.<\/font><\/td><td class=\"column-5\"><font color=\"red\">3rd<\/font><\/td>\n\t<\/tr>\n\t<tr class=\"row-9 odd\">\n\t\t<td class=\"column-1\"><font color=\"red\">14.08.2011<\/font><\/td><td class=\"column-2\"><font color=\"red\">Zlat\u00fd st\u0159apec P\u0159\u00edvrat<\/font><\/td><td class=\"column-3\"><font color=\"red\">600m<\/font><\/td><td class=\"column-4\"><font color=\"red\">331b.<\/font><\/td><td class=\"column-5\"><font color=\"red\">4<\/font><\/td>\n\t<\/tr>\n\t<tr class=\"row-10 even\">\n\t\t<td class=\"column-1\"><font color=\"red\">11.09.2011<\/font><\/td><td class=\"column-2\"><font color=\"red\">Brn\u011bnsk\u00fd zaj\u00edc<\/font><\/td><td class=\"column-3\"><font color=\"red\">didn't run<\/font><\/td><td class=\"column-4\"><font color=\"red\">---<\/font><\/td><td class=\"column-5\"><font color=\"red\">---<\/font><\/td>\n\t<\/tr>\n\t<tr class=\"row-11 odd\">\n\t\t<td class=\"column-1\"><font color=\"red\">25.09.2011<\/font><\/td><td class=\"column-2\"><font color=\"red\">Mistrovstv\u00ed \u010cR Kralupy n\/Vltavou<\/font><\/td><td class=\"column-3\"><font color=\"red\">650m<\/font><\/td><td class=\"column-4\"><font color=\"red\">163b.<\/font><\/td><td class=\"column-5\"><font color=\"red\">5th<\/font><\/td>\n\t<\/tr>\n\t<tr class=\"row-12 even\">\n\t\t<td class=\"column-1\"><font color=\"red\">30.10.2011<\/font><\/td><td class=\"column-2\"><font color=\"red\">Memori\u00e1l Karla Gr\u00fcnwalda<\/font><\/td><td class=\"column-3\"><font color=\"red\">600m<\/font><\/td><td class=\"column-4\"><font color=\"red\">344b.<\/font><\/td><td class=\"column-5\"><font color=\"red\">3rd<\/font><\/td>\n\t<\/tr>\n\t<tr class=\"row-13 odd\">\n\t\t<td class=\"column-1\">22.10.2011<\/td><td class=\"column-2\">Slovak coursing championchips<\/td><td class=\"column-3\">400m<\/td><td class=\"column-4\">170m<\/td><td class=\"column-5\">5th<\/td>\n\t<\/tr>\n<\/tbody>\n<\/table>\n<\/p>\n","protected":false},"excerpt":{"rendered":"<p>\u010cl\u00e1nky NordCup 2011 Snow coursing Jarn\u00ed Kralupy 2011 Han\u00e1ck\u00fd poh\u00e1r Radslavice Chlumeck\u00fd Rabbit Dob\u0159ansk\u00fd zaj\u00ed\u010dek Chlumeck\u00fd Rabbit M\u010cR Kralupy nad Vltavou<\/p>\n","protected":false},"author":1,"featured_media":0,"parent":98,"menu_order":2,"comment_status":"closed","ping_status":"closed","template":"","meta":{"ngg_post_thumbnail":0},"_links":{"self":[{"href":"http:\/\/sonny.ulicnici.cz\/index.php?rest_route=\/wp\/v2\/pages\/775"}],"collection":[{"href":"http:\/\/sonny.ulicnici.cz\/index.php?rest_route=\/wp\/v2\/pages"}],"about":[{"href":"http:\/\/sonny.ulicnici.cz\/index.php?rest_route=\/wp\/v2\/types\/page"}],"author":[{"embeddable":true,"href":"http:\/\/sonny.ulicnici.cz\/index.php?rest_route=\/wp\/v2\/users\/1"}],"replies":[{"embeddable":true,"href":"http:\/\/sonny.ulicnici.cz\/index.php?rest_route=%2Fwp%2Fv2%2Fcomments&post=775"}],"version-history":[{"count":9,"href":"http:\/\/sonny.ulicnici.cz\/index.php?rest_route=\/wp\/v2\/pages\/775\/revisions"}],"predecessor-version":[{"id":903,"href":"http:\/\/sonny.ulicnici.cz\/index.php?rest_route=\/wp\/v2\/pages\/775\/revisions\/903"}],"up":[{"embeddable":true,"href":"http:\/\/sonny.ulicnici.cz\/index.php?rest_route=\/wp\/v2\/pages\/98"}],"wp:attachment":[{"href":"http:\/\/sonny.ulicnici.cz\/index.php?rest_route=%2Fwp%2Fv2%2Fmedia&parent=775"}],"curies":[{"name":"wp","href":"https:\/\/api.w.org\/{rel}","templated":true}]}}